, 3*q - 2*q - 5*m = -10. Let t(n) be the third derivative of -n**5/60 + n**4/4 - n**2. Determine t(q).
5
Let v = 4 + -7. Let x be (-6)/(-8) + (-1)/(-4). Let z(g) = 3*g**2 + 2*g**3 - g**3 - 2*g - g**2 + x. Determine z(v).
-2
Let n = 41 + -66. Let j be 14/(-5) + (-20)/n. Let g(s) = 5*s + 3. Determine g(j).
-7
Let k(z) = -2*z**2 - 4*z - 4. Let r be (-22 - -21) + (-4 + 1)*1. Calculate k(r).
-20
Let s(u) = 4*u**2 - 7*u**2 + 4 - u + 2*u**2 + 0. Give s(-4).
-8
Let p(q) be the second derivative of q**5/20 - 5*q**4/12 + 5*q**2/2 + 8*q. What is p(5)?
5
Let a(t) be the third derivative of t**5/120 - t**4/6 - 7*t**3/6 + 3*t**2. Let h(z) be the first derivative of a(z). Determine h(5).
1
Let m(q) = 2*q + 2. Let o(w) = -w**3 - 4*w**2 - 5*w - 6. Let i be o(-4). Suppose j + j - 6 = 0. Suppose -j*p - 5 = -i. What is m(p)?
8
Let u(m) = m**3 + 5*m**2 - 5*m + 8. Let y(s) = 6*s**3 + 25*s**2 - 25*s + 41. Let t(w) = 11*u(w) - 2*y(w). Give t(4).
2
Let q(o) be the third derivative of -3*o**4/8 + 13*o**2. Give q(-1).
9
Let w(k) be the first derivative of k**2/2 - 51. Give w(-7).
-7
Suppose -w = 2*w - 9. Let o(f) = 8 - 6 + 2*f**2 - w*f + f - 3*f. Suppose -4*r = d - 3, 15 = 5*d - 5*r - 0*r. Give o(d).
5
Let d(m) be the third derivative of -m**6/720 - m**5/60 + m**4/8 + 2*m**2. Let f(h) be the second derivative of d(h). Give f(5).
-7
Let k be 6/(-3)*(-9)/6. Suppose -4*x + 2*a = k*a + 20, -5*x - 25 = a. Let f be x/(-1)*1 - 1. Let n(l) = l. Determine n(f).
4
Let z(u) = -u**3 - 4*u**2 - 4*u - 2. Let m be z(-3). Let b(o) = -11*o**3 - 2*o**2 - m + 5*o + o**2 + 0*o - 6*o. Determine b(-1).
10
Let c be (-3)/2*8/3. Let v(x) = 2*x + 4*x**2 - 4 + 2 + 0 - 1 + x**3. What is v(c)?
-11
Let v(y) = -y**3 + 8*y**2 - 8*y + 2. Let x be v(7). Let p(u) = u**2 + 2*u - 1. Calculate p(x).
14
Let p(u) = -14*u**2 - 2*u - 1. Let r(h) = h**2. Let z be (-3)/(-12) + 3/4. Let j(a) = z*p(a) + 6*r(a). Determine j(-1).
-7
Let u(t) = -t - 1. Let v(x) = 3*x + 1. Let f(r) = 5*u(r) + 2*v(r). Determine f(8).
5
Let d(f) = -2*f - 3. Let y(q) = -q - 11. Let v be y(-6). Calculate d(v).
7
Let d(q) = -3*q + 42*q**2 - 82*q**2 - 2 + 10*q + 41*q**2. Calculate d(-6).
-8
Let v(r) = -3*r**2 - r + 1. Suppose 3*d - 3*m = -7*m + 10, -16 = 4*d - 2*m. Let i = d + 7. Let j be (i/15)/(2/6). What is v(j)?
-3
Let l(a) = -15*a**2 + 21*a - 5. Let g(y) = -2 + 13*y - 7*y**2 - 3*y + 0*y**2. Let v(n) = -13*g(n) + 6*l(n). Let k be 22/6 - 4/6. Give v(k).
-7
Let t(r) = r**3 - 3*r**2 - r + 4. Let k = -1 + 4. Determine t(k).
1
Let m(a) = -a**3 + 5*a**2 + 4*a - 5. Let l(r) = r**2 - r - 1. Let n(s) = -2*l(s) + m(s). Give n(4).
5
Let t(d) = 5*d**3 + 2*d**2 - 5*d - 6. Let b(p) = p**3 - 1. Let q(w) = -4*b(w) + t(w). Suppose s = 1 - 4. Determine q(s).
4
Let v = 6 - 0. Let n = -7 + v. Let u(h) = 4*h + 1. Give u(n).
-3
Suppose u + 22 = 3*u. Let k be u/(-3) + (-6)/(-9). Let v(n) be the first derivative of n**3/3 + n**2 - n + 3. Determine v(k).
2
Let k be 30/(-45) - (-5)/3. Let m(s) = 2*s**2 - 1 - 2*s + 4*s + 8*s**3 - 4*s**2. Give m(k).
7
Let y(h) = h**3 + 2*h**2 - 3*h + 1. Suppose -202 = -2*r - 208. Give y(r).
1
Let k(p) = 2*p**3 + 4*p**2 + 2*p - 1. Suppose 4*g + 15 - 1 = 2*t, 0 = -2*t - 3*g. Suppose -4*i - i - 11 = 3*b, -5*i - t = -b. What is k(b)?
-5
Let h = -25 - -24. Let m be 1/(h + 15/18). Let s(z) = z**3 + 6*z**2 - z. What is s(m)?
6
Let s(c) = -c**2 + 11*c - 7. Let r be s(10). Let o(b) = -3 + b + 0*b + 2. Let w(j) = -4*j + 4. Let t(y) = 6*o(y) + w(y). Determine t(r).
4
Let q(t) = -23 + 0*t - t**3 + 20 - 2*t**2 - 4*t. Let c be 3*-1*(-4)/(-6). Determine q(c).
5
Let z(d) = -13*d**3 - 20*d**2 - 8*d - 20. Let j(c) = -3*c**3 - 5*c**2 - 2*c - 5. Let u(o) = 9*j(o) - 2*z(o). Give u(-5).
5
Let f(o) = -o**2 + 1. Let p be f(1). Let z(d) = -5*d + 4*d + 2*d + 5 + p*d. Suppose u - 3*w = -3 - 2, 15 = -3*u - 2*w. Determine z(u).
0
Let b(m) be the second derivative of -m**4/12 - 5*m**3/6 + 3*m**2 - 5*m. Calculate b(-7).
-8
Let i(h) = -5 + 0*h**2 + h**3 + 5 - h**2 + 1. Determine i(-2).
-11
Let q = -90 + 153. Let c be (-238)/q - (-2)/(-9). Let w(n) = -5 + 0*n + 2*n + n**2 + n. Determine w(c).
-1
Let m(z) be the third derivative of 0*z + z**2 + 1/24*z**4 - 1/20*z**5 + 1/3*z**3 + 1/120*z**6 + 0. Calculate m(2).
0
Let b(k) be the first derivative of -k**2/2 + 5*k + 81. Let q = 0 - 0. Suppose q*i - 4*p + 8 = -i, p - 15 = -3*i. Give b(i).
1
Let g(f) = f + f**2 + 7 + 0*f**2 - 3. Let p be (-1)/(2*(-3)/162). Suppose 5*u = -5*z, 4*z - p = 4*u + u. Give g(u).
10
Let j(o) = o**2 + 7*o + 6. Let n(y) = -y**3 + y**2 + 2. Let s be n(0). Let m = s + -6. Give j(m).
-6
Let t(s) = -s**2 - s + 1. Let b(w) = 6*w**2 + 5*w. Let j(u) = -b(u) - 3*t(u). Give j(-2).
-11
Let j(v) = -6*v + 17. Let m(f) = -5*f + 16. Let b(l) = 4*j(l) - 5*m(l). Calculate b(9).
-3
Let f be (2/(-3))/(40/180). Let s(u) = 2*u + 2. Let k(a) = a**2. Let y(l) = f*k(l) - s(l). Determine y(-2).
-10
Let v(g) be the second derivative of -g**4/12 - g**3/6 + 3*g**2/2 - 2*g. Let b = 35 + -35. Calculate v(b).
3
Suppose 24 = 2*b + 2*b. Let w(g) = -g + 4. Determine w(b).
-2
Let x(v) = -36 + 0*v + v**2 + 33 - v. What is x(0)?
-3
Let u(w) = w. Let o = -10 + 14. Let r = 0 - -5. Let b be 8/r + o/10. Give u(b).
2
Let i be (8/12)/(2/54). Suppose i = o - 4*o. Let y(a) = a**3 + 6*a**2 + 1. Give y(o).
1
Let m(h) = 2*h**2 - 4*h - 3. Let x be m(4). Let p = -14 + x. Let n(f) = f**3 - f**2 - f. Give n(p).
-1
Let j(i) = -i**3 + 7*i**2 + i + 7. Suppose -3*q = 4*v - 13, 5*q + 2*v - 4*v - 39 = 0. What is j(q)?
14
Let i = -20 + 19. Let h(t) = t**2 + 1 + 2*t + 0*t**2 + 0. Calculate h(i).
0
Let d(s) = 11*s**2 - 4. Let a(p) = p**2 + 1. Let j(m) = -3*a(m) - d(m). Determine j(1).
-13
Let t = -19 - -23. Let h(b) = -b**3 + 4*b**2 - 6*b + 5. Give h(t).
-19
Let v(d) = d**3 - 4*d**2 - 2. Let a(p) = -p**2 + p + 1. Let b(m) = -2*a(m) + v(m). What is b(3)?
-1
Let l = 0 - -1. Let r(n) be the third derivative of n**6/144 + n**4/4 + 3*n**2. Let m(t) be the second derivative of r(t). Determine m(l).
5
Let n(c) = -c**2 - 2*c + 6. Suppose 5*v - 10 = 0, -y - 3*v + 21 = -4*y. Calculate n(y).
-9
Let u(v) = -3*v + 2. Let r be (-4)/3*6/4*2. Give u(r).
14
Suppose 0 = 3*h + 89 + 127. Let y be 16/h + (-22)/(-18). Let d(v) = 10*v**3. Determine d(y).
10
Let v = -5 - -5. Suppose v = 5*q + 6 + 19. Let b(d) = d**3 + 5*d**2 + 2*d + 3. Give b(q).
-7
Let y be ((-15)/(-10))/((-1)/(-2)) + -6. Let u(b) = 2*b. Determine u(y).
-6
Let m(t) = 2*t. Let j = 1 + 0. Let z be (0 - 5)/(-1) - j. Suppose -z*y - 2*x = 14 + 4, 2*x = -2*y - 12. What is m(y)?
-6
Let h(w) = 2*w**2 - 3*w - 2. Let m = -2 - -2. Let g be 3*(m - (0 + -1)). Determine h(g).
7
Suppose 4*m - 5*j = -6*j - 13, -2*m - 2*j - 2 = 0. Let v(i) = -i**3 - 5*i**2 - 6*i - 1. Calculate v(m).
7
Let c(y) = -y**3 + 4*y**2 - 3. Let h be c(3). Let l(o) = 2*o - 2 - h*o + 3*o. Give l(-2).
0
Let v(c) = -c - 3. Let r be (-160)/50 - (-2)/10. Give v(r).
0
Let j = -5 - -9. Let y(x) be the second derivative of -x**6/360 + x**5/120 + 5*x**4/24 + x**3/3 - 4*x. Let f(g) be the second derivative of y(g). Give f(j).
-7
Let c(w) = w**3 + 21*w**2 + 2*w + 43. Let j be c(-21). Let h(b) be the first derivative of -b**2 + 1/4*b**4 - j - 8*b + 2*b**3. Calculate h(-6).
4
Let w(p) = p**3 + 5*p**2 + 6*p + 1. Suppose 5*v + 5*k = 2*k + 19, -3*v - 3*k + 9 = 0. Suppose 0 = -v*t - 30 + 10. What is w(t)?
-7
Let f(i) = -i**2 + 5*i - 1. Let b be f(3). Let g(s) = s**3 - 6*s**2 + 6*s - 2. Determine g(b).
3
Suppose -4*j - 4 = 2*x, 0*j - 3*j + 5*x + 23 = 0. Suppose 0 = 5*w + d + 1, -5*d = 2*w - 0 + 5. Suppose -f + w = j. Let g(u) = 2*u**3 - 1. Give g(f).
-3
Let d = 9 - 5. Let p(t) = -t + 2*t - d*t - t**2 + 4. Suppose 3*m = -5 - 7. What is p(m)?
0
Let n(h) be the first derivative of 6*h**2 + 3*h - 22. Determine n(-2).
-21
Let t(n) = -n - 16 - 2 + 6. Give t(0).
-12
Let w be (-2)/(-7) - (-16)/(-7). Let m(y) = 5*y + 3. Let h(n) = 4*n + 4. Let o(p) = w*m(p) + 3*h(p). Suppose 0 = 5*k - k + 16. Give o(k).
-2
Let i(n) = -2*n + 2. Let d(m) = m**3 - 4*m**2 - 3*m + 9. Let c be d(4). Give i(c).
8
Let j(r) = -r**2 - 3*r - 1. Let i be -1 - -4*(-1)/4. Calculate j(i).
1
Let j(s) = s**3 + 4*s**2 + s. Let l(w) = 2*w + 7. Let r be l(-5). Let d be j(r). Let a(h) = -2 - d*h**2 - 5 - 6*h + 0 - h**3. What is a(-5)?
-2
Let p(g) be the first derivative of -g**2/2 - 5*g - 149. Suppose -3*m + 0*m 